486 is divided by 754/4*(-472)/(-3068)?
27
Let z be 0 + 2/(-2)*-134. Suppose 0 = -4*l + 6 - z. Calculate the remainder when (1 + 1)*(-208)/l is divided by 7.
6
Suppose 0 = -3*p + 3*q + 3381, -6*p + 5*q = -755 - 6004. What is the remainder when p is divided by 225?
224
Let d(o) = -o**3 + 31*o**2 + 30*o + 73. Let u be d(32). Suppose 0 = 5*c - u*c + 212. What is the remainder when c is divided by 15?
8
Suppose 1081 = 21*p + 94. Calculate the remainder when p is divided by 37.
10
Let v be (-24)/30*-1*100 + 1. Suppose v + 205 = 22*s. Calculate the remainder when s is divided by 2.
1
Suppose -3*x = 13*x - 4643 + 339. Suppose 2*r + 15 = 5*r. Suppose 5*c - 110 = -0*s - r*s, -3*c = -s - 46. What is the remainder when x is divided by c?
14
Let l(c) = c**3 - 62*c**2 - 13*c + 817. What is the remainder when l(62) is divided by 8?
3
Suppose -3*o + 27 = -q, -6*o + 5*o = -q - 25. Let y = 44 + q. Calculate the remainder when 39 is divided by y.
19
Suppose -280*b = -284*b + 1512. Calculate the remainder when b is divided by 111.
45
Let y be 3264/170 + (-2)/10. Suppose -141 = -y*t + 125. Calculate the remainder when 50 is divided by t.
8
Let s(m) = -m**3 + 4*m**2 + 16*m - 15. Let k be s(6). Suppose 8*d - 2*w + 25 = k*d, 106 = 4*d + 2*w. What is the remainder when d is divided by 16?
11
Let f(s) = s**3 - 26*s**2 + 47*s + 37. Let t = 137 + -113. Calculate the remainder when 90 is divided by f(t).
12
Let w be 404/(-10)*45/(-18). Suppose -3*o = -4*m - w, -2*m + 4*o = -7*m - 103. Let u(l) = 2*l**2 + 46*l + 34. What is the remainder when u(m) is divided by 9?
7
Let y = -30663 - -52906. What is the remainder when y is divided by 268?
267
Suppose 4*h - 5*p = 15, -3*p + 35 = -2*h + 4*h. Suppose 649 - 1767 = -22*s + 2996. What is the remainder when s is divided by h?
7
Suppose 3*d = -v - 34 - 63, -4*d - 130 = 2*v. Let k = d - 25. Let h = -42 - k. Calculate the remainder when 26 is divided by h.
11
Suppose -n + 93 = -m, 0 = -4*n - 9*m - 122 + 429. Let u be 1*-1*1 - 50. Let t = u + n. What is the remainder when 106 is divided by t?
32
Let c(b) = -123*b - 663. Calculate the remainder when c(-14) is divided by 190.
109
Suppose 10*g - 5*g = 100. Let c = -5 + g. What is the remainder when -8*(1 + 0)/((-6)/42) is divided by c?
11
Suppose 4*n - 8*n - 4*h = -932, -4*n + 932 = -2*h. Let s = -36 - -49. Calculate the remainder when n is divided by s.
12
Let z = 8657 - 6161. Suppose 0 = -3*n - 2*w + 1491 + 381, 4*n - z = w. Suppose n = 9*r + 4*r. What is the remainder when 140 is divided by r?
44
Suppose -26*j = 16*j - 17388. What is the remainder when j is divided by 31?
11
Suppose -9*x = -18*x - 306. Let z(f) = 4*f + 197. Calculate the remainder when z(x) is divided by 29.
3
Suppose -x = -127 + 37. Suppose -3*i - x - 50 = -4*o, 0 = -o - 3*i + 20. Suppose -24*t + 18*t + 102 = 0. Calculate the remainder when o is divided by t.
15
Let v be 8/(-14) + (-38)/7. Let n(c) = -3*c**3 + c**2 + 5*c + 0*c**3 - 5 + 6*c**2 + 4*c**3. What is the remainder when 4 is divided by n(v)?
0
Let x = 16 + -9. Let t be (-1 + -1)/((-258)/63 - -4). Let v(o) = -o**3 + 24*o**2 - 61*o - 2. Calculate the remainder when v(t) is divided by x.
5
Let a(h) = 16*h**2 - 44*h + 159. Let t(l) = 7*l**2 - 22*l + 80. Let p(g) = 3*a(g) - 7*t(g). What is the remainder when 61 is divided by p(7)?
17
Let i = -216 + 462. Let u = i + -230. Calculate the remainder when 104 is divided by u.
8
Let g be (-10 + 12)/(1 - (-19)/(-17)). Let h(d) = -d**3 - 16*d**2 + 18*d + 15. Let c be h(g). What is the remainder when 33 is divided by -24*((-1)/c)/(-1)?
9
Let x(h) = 185*h - 7386. What is the remainder when 111 is divided by x(40)?
13
Let c(b) = -9*b**2 + 676*b - 56. What is the remainder when 868 is divided by c(75)?
13
Let q(i) = -i**3 + 317*i**2 + 193*i - 69. Let v(u) = 106*u**2 + 64*u - 24. Let x(c) = -3*q(c) + 8*v(c). Calculate the remainder when x(35) is divided by 11.
10
Let y(q) = 5*q**3 - 2*q**2 - 2*q + 1. Suppose 7*t - 4*t + 96 = 0. Let l = t + 34. Calculate the remainder when 55 is divided by y(l).
26
Let u(l) = -2*l + 36. Suppose -5*x + 2*x + 6 = 0. Let p(c) = 4*c - 71. Let h(n) = x*p(n) + 5*u(n). Calculate the remainder when 29 is divided by h(11).
13
Let v(i) = -i**3 + 17*i**2 - 22*i**2 - 15 + 13*i**2 + i. Calculate the remainder when v(6) is divided by 9 + 2/(-6)*-6.
8
Let p(z) = 4*z**3 - 96*z**2 - 57*z - 54. Calculate the remainder when p(25) is divided by 165.
31
What is the remainder when (1 - -1522) + -168 + 158 is divided by 25?
13
Let i(j) = 11*j**2 - 185*j - 24. Let o(b) = -b**2 - 4*b - 4. Let r be o(-4). Let g(s) = s**2 - 4*s + 3. What is the remainder when g(r) is divided by i(17)?
5
Suppose -35 = -3*d + 4*t, -5*d + 0 = -3*t - 40. Let b be -4 + -1*(3 - 0). What is the remainder when d is divided by 32/64 + b/(-2)?
1
Let t(c) = 2*c**3 - 19*c**2 + 54*c - 25. What is the remainder when t(8) is divided by 72?
71
Let g = 2818 - 2372. What is the remainder when g is divided by 28?
26
Let j(z) = -1 - 163*z + 209*z + 164*z - 1. Let g be j(2). Suppose 0 = -2*h - u + g, 3*h + h - 824 = -5*u. What is the remainder when h is divided by 53?
52
Let y = 137 + -89. Let w(t) = -t**3 + 46*t**2 + 97*t + 123. What is the remainder when w(y) is divided by 22?
17
Let l(j) = 8*j**2 - 38*j + 246. What is the remainder when l(7) is divided by 78?
60
Suppose -3*r + 303 = -2*p, 16*p + 101 = r + 21*p. Suppose 5*d + 286 = 2*q, 2*q + r - 387 = 2*d. What is the remainder when q is divided by 46?
5
Let y = 218 + -183. Calculate the remainder when 1144/10 - (364/y + -10) is divided by 23.
22
Let b be 21*3*(-4 + (-14)/(-3)). Let p = 137 + -75. Let u = p - b. What is the remainder when u is divided by 11?
9
Let v be (1/(-2))/(2/(-220)). Let t be 3/8*8 - -1. Suppose 4*b = 4*o + 140, -t*b + o + v = -70. What is the remainder when b is divided by 11?
8
Suppose 3*f - 59 = 223. Let c = 100 - f. Suppose -4*a = h - 326, -c*a - 90 = -7*a + 4*h. Calculate the remainder when a is divided by 21.
19
Let f = -31 + 426. What is the remainder when f is divided by 161?
73
Calculate the remainder when 79 is divided by 1 + 0 - (-3 - (29 + 2)).
9
Suppose -18*y + 1791 + 2817 = 0. Suppose 4*m + 168 - y = 0. Calculate the remainder when 307 is divided by m.
21
Let t(q) = -24*q + 1901. Calculate the remainder when 18*(0 - 2)/(-6) is divided by t(79).
1
Suppose -308 = s - 3*i, -4*s - i - 1168 = 3*i. Let k be s/(-5)*(-2 - -7). Suppose -7*v = -11*v + k. Calculate the remainder when v is divided by 15.
14
Let k(q) = 6*q**3 + 543*q**2 + 268*q - 109. Calculate the remainder when k(-90) is divided by (0 - (3 - 9)) + -3.
2
Suppose -4*i + 55 = 39, 0 = 4*h - 2*i + 92. Let s = 16 + 0. Calculate the remainder when 705/(-10)*14/h is divided by s.
15
Suppose -14 = -3*c - 59. Let i be (-44)/(-1) - c/(-5). Suppose 38*z = i*z - 66. Calculate the remainder when z is divided by 5.
2
Suppose g = -2*u - 5, 7 = g + 6*u - 7*u. Suppose 0 = -3*r - 2*r - 5*a, -g*a = -3*r + 24. What is the remainder when 211 is divided by r?
3
Let c(q) = 70*q - 13. Let d be c(1). Suppose d*r - 834 = 51*r. Calculate the remainder when r is divided by 13.
9
Suppose 0 = -5*g - 4*l + 214, -134*l + 129*l = 20. What is the remainder when 2943 is divided by g?
45
Suppose -x + 4 = 2*j, -2*j + 2*x = 6*x + 8. Calculate the remainder when j - (-2 + -29 + 2) is divided by 5.
3
Let k(q) = 0*q + q + 9 - 4*q + 4*q. Let w be k(-10). Let n(d) = -14*d - 4. Calculate the remainder when 38 is divided by n(w).
8
Suppose 36 - 10 = 13*a. Suppose -z - 4*l - 18 = -3*z, 2*z - a*l - 26 = 0. What is the remainder when 184 is divided by z?
14
Calculate the remainder when -9 - -4 - -4 - (16 - 288) is divided by 56.
47
Let p(f) = 5*f + 3. Let a(o) = -4*o - 3. Let k(d) = -6*a(d) - 5*p(d). Let u be k(-3). Calculate the remainder when 39 is divided by (21/2)/(u/8).
11
Suppose -72 - 157 = -2*w + 3*c, 0 = -4*w + 3*c + 449. Let x(d) = -2*d**3 - 7*d**2 + 76*d - 170. What is the remainder when w is divided by x(-9)?
36
Suppose 0 = 4*b - 221 - 159. Suppose -6*g - 445 - 305 = 0. Let q = 149 + g. What is the remainder when b is divided by q?
23
Let v(d) = 65*d**2. Suppose 3*k - 23 = -2*q - 3*q, 4*k = 4*q - 12. What is the remainder when v(k) is divided by 34?
31
Suppose 3*m - h - 413 = 0, 38*m - 4*h + 252 = 40*m. What is the remainder when 2445 is divid